65
Let g(k) = -412*k + 2034. What is g(5)?
-26
Let t(v) = -v**3 - 11*v**2 - 31*v - 200. Give t(-10).
10
Let x(j) = 201*j + 1554. Calculate x(-8).
-54
Let g(q) = q**3 - 11*q**2 + 263*q - 1904. What is g(8)?
8
Let t(p) = 21*p - 128. Determine t(5).
-23
Let d(b) = 5*b**2 + 20*b + 45. Give d(-3).
30
Let a(p) = 7*p**2 - 73*p + 2. What is a(8)?
-134
Let w(r) = 13*r**3 + 30*r**2 + 61*r + 107. Give w(-2).
1
Let x(s) = -s**2 - 21*s + 399. Give x(-38).
-247
Let d(p) = -81*p - 201. Give d(-2).
-39
Let v(f) = -2*f**2 + 151*f + 723. Calculate v(-5).
-82
Let g(q) = -2*q**2 + 307*q + 22668. What is g(208)?
-4
Let s(z) = -z**3 - 35*z**2 - 34*z + 40. What is s(-34)?
40
Let r(z) = -17*z**3 - 11*z**2 - 23*z - 70. Give r(-4).
934
Let k(h) = -h**2 + 89*h - 1050. What is k(75)?
0
Let x(g) = g**3 - 17*g**2 + g - 9. Determine x(17).
8
Let c(b) = 3*b**2 + 20*b - 156. Give c(-13).
91
Let r(p) = p**3 + 6*p**2 + 20*p + 28. Determine r(-2).
4
Let s(a) = 2*a**3 - 13*a**2 - 38*a + 273. Determine s(6).
9
Let f(n) = n**3 - 3*n**2 - 49*n - 95. Calculate f(-3).
-2
Let m(q) = -12*q**3 + 5*q**2 - 5*q + 13. What is m(3)?
-281
Let o(c) = -c**2 - 16*c + 191. Give o(0).
191
Let s(x) = -x**2 + 23*x - 94. Determine s(6).
8
Let g(y) = 30*y - 31. Calculate g(-7).
-241
Let v(d) = 89*d + 7018. Determine v(-80).
-102
Let f(m) = 2*m**3 - 22*m**2 + 70*m - 13. Calculate f(6).
47
Let m(r) = -r**3 - 21*r**2 + 63*r + 420. Determine m(-23).
29
Let h(b) = -70*b**2 + 838*b - 11. Give h(12).
-35
Let g(y) = 6*y**2 + 107*y - 38. Give g(-18).
-20
Let m(k) = 2*k**2 - 12*k + 8. Give m(7).
22
Let m(c) = -c**2 - 10*c - 28. Calculate m(-7).
-7
Let k(s) = 2*s**3 + 44*s**2 + 50*s + 166. Calculate k(-21).
-2
Let z(u) = -u**3 + 6*u**2 - 20*u + 73. Determine z(5).
-2
Let u(c) = 3*c**2 - 43*c + 6. Determine u(16).
86
Let g(u) = 31*u + 394. Calculate g(-8).
146
Let k(j) = j**3 + 31*j**2 - 35*j - 15. What is k(-32)?
81
Let y(h) = -h**3 - 2*h**2 - 7*h + 8. What is y(1)?
-2
Let f(l) = -15*l + 239. Give f(30).
-211
Let g(y) = -42*y**3 - 3*y**2 + 27*y + 29. What is g(-1)?
41
Let v(j) = -j**2 - 174*j - 3594. What is v(-24)?
6
Let g(x) = -100*x**3 + 2*x + 3. Give g(-2).
799
Let z(w) = -w**3 + 66*w**2 + 136*w - 5. Determine z(68).
-5
Let x(v) = v**3 + 98*v**2 + 193*v + 86. Determine x(-96).
-10
Let b(n) = -27*n**2 + 22*n + 22. Calculate b(-1).
-27
Let l(p) = -p**2 - 139*p + 1976. Calculate l(13).
0
Let q(n) = n**3 + 22*n**2 + 118*n + 1083. What is q(-19)?
-76
Let p(h) = h**3 - 79*h**2 + 153*h + 84. What is p(77)?
7
Let w(i) = -3*i**2 - 204*i - 1601. Give w(-9).
-8
Let n(p) = -p**3 - 74*p**2 + 77*p + 153. Calculate n(-75).
3
Let s(l) = -l - 73. Determine s(34).
-107
Let r(b) = -59*b**2 + 11*b + 12. Calculate r(-3).
-552
Let n(g) = g**3 + 90*g**2 + 4*g + 273. Give n(-90).
-87
Let r(g) = -89*g + 642. Determine r(8).
-70
Let j(a) = -a**3 - 31*a**2 + 33*a + 219. What is j(-32)?
187
Let o(g) = -37*g + 48. Give o(8).
-248
Let x(f) = -f**3 - 36*f**2 + 13*f - 2393. What is x(-38)?
1
Let r(p) = 664*p - 25195. Give r(38).
37
Let s(p) = 23*p + 485. Calculate s(-12).
209
Let x(j) = 2*j**3 - 18*j**2 + 2*j + 228. Calculate x(6).
24
Let w(m) = -253*m + 215. What is w(1)?
-38
Let u(l) = -26*l**2 - 234*l - 206. Determine u(-8).
2
Let p(h) = -h**3 - 50*h**2 - 131*h + 444. Determine p(-47).
-26
Let o(u) = -u**2 - 3*u + 8. Calculate o(-3).
8
Let d(x) = -x**2 + 15*x - 80. Calculate d(10).
-30
Let g(f) = -f**2 + 14*f - 12. What is g(6)?
36
Let r(x) = -2*x**3 - 21*x**2 - 4*x - 48. What is r(-11)?
117
Let l(t) = -18*t + 41. Determine l(2).
5
Let n(d) = 2025*d + 2016. Give n(-1).
-9
Let z(j) = -j**3 + 24*j**2 - 60*j - 35. What is z(21)?
28
Let l(d) = 2*d - 24. Determine l(-6).
-36
Let j(v) = -v**2 - 22*v + 18. Calculate j(-26).
-86
Let b(u) = u**3 + 10*u**2 + 36*u - 32. What is b(-5)?
-87
Let w(q) = 4*q**3 + q**2 - 11*q + 5. Calculate w(2).
19
Let a(p) = p**2 + 41*p - 1746. Calculate a(-66).
-96
Let y(i) = i**3 - 17*i**2 + 27*i - 432. Give y(17).
27
Let b(o) = -3*o**3 + 2*o**2 + 21*o + 28. Determine b(-5).
348
Let j(w) = -11*w**2 - 1868*w - 1521. Calculate j(-169).
0
Let t(s) = -s**2 + 60*s - 116. What is t(2)?
0
Let j(h) = 2*h**2 - 32*h + 5. Give j(6).
-115
Let u(v) = 112*v + 299. What is u(-6)?
-373
Let b(c) = c**3 + 9*c**2 - c - 62. What is b(-7)?
43
Let s(d) = -4*d + 69. Calculate s(27).
-39
Let x(n) = -2*n**2 - 21*n + 316. What is x(-19)?
-7
Let t(l) = -6*l**2 - 25*l + 57. What is t(-5)?
32
Let f(z) = -2*z**2 - 537*z - 35056. Determine f(-112).
0
Let j(h) = h**3 + 81*h**2 + 1390*h - 253. Give j(-25).
-3
Let w(z) = z**2 - 21*z + 18. Give w(25).
118
Let j(w) = w**2 - 31*w + 114. Determine j(5).
-16
Let l(w) = w**3 - 18*w**2 - 39*w + 15. Determine l(20).
35
Let h(r) = 20*r**2 - 154*r - 13. Calculate h(8).
35
Let w(a) = -a**2 + 380*a + 11854. What is w(-29)?
-7
Let q(c) = c**3 - 5*c**2 - 26*c + 15. Give q(7).
-69
Let u(y) = 2*y**3 + 40*y**2 + 48*y + 187. Calculate u(-19).
-3
Let q(u) = -u**3 + 8*u**2 + 25*u - 78. Determine q(5).
122
Let l(j) = -2*j**3 - 18*j**2 - 10*j + 1. Calculate l(-9).
91
Let t(w) = w + 40. What is t(16)?
56
Let s(b) = -b**2 + 41*b - 70. Calculate s(40).
-30
Let x(w) = -w**2 - 9*w - 33. Give x(-8).
-25
Let t(v) = 949*v - 99641. Give t(105).
4
Let t(x) = x**3 - 11*x**2 - 11*x + 40. Determine t(12).
52
Let c(j) = j**3 + 55*j**2 + 157*j + 27. Determine c(-52).
-25
Let w(v) = v**2 + 73*v + 783. What is w(-60)?
3
Let r(z) = -5*z**3 + 86*z**2 + 77*z - 44. Determine r(18).
46
Let a(l) = l**3 - 5*l**2 - l - 10. Calculate a(7).
81
Let m(o) = 3*o**2 - 14*o - 30. Determine m(-2).
10
Let f(q) = -q**3 - 4*q**2 + 3*q - 11. Calculate f(-2).
-25
Let b(v) = -v**2 + 320*v + 26837. Give b(-69).
-4
Let t(a) = 2*a**3 + 85*a**2 + 27*a - 58. What is t(-42)?
572
Let w(d) = -d**3 - 7*d**2 - 3*d - 24. Determine w(-9).
165
Let x(s) = -s**2 - 17*s - 56. What is x(-5)?
4
Let a(f) = -f**2 - 24*f + 128. What is a(5)?
-17
Let i(w) = -5*w + 98. Calculate i(8).
58
Let u(l) = l**2 + 76*l - 7767. Determine u(58).
5
Let z(s) = -266*s - 252. Determine z(-1).
14
Let q(z) = z**3 - 20*z**2 - 10*z + 13. What is q(0)?
13
Let z(y) = y**3 - 31*y**2 - 8*y + 241. Give z(31).
-7
Let r(k) = 1498*k**2 + 4493*k - 7. Calculate r(-3).
-4
Let v(i) = 18*i - 284. Determine v(15).
-14
Let p(y) = -137*y + 983. Give p(7).
24
Let l(j) = 187*j**2 + j + 1. Give l(-1).
187
Let y(m) = m**3 + 12*m**2 - 119*m - 1523. Give y(-13).
-145
Let h(r) = -2*r**2 - 215*r + 1112. What is h(5)?
-13
Let z(q) = q**3 - 14*q**2 - 13*q + 5. Determine z(16).
309
Let g(f) = f**3 - f**2 - f - 2. Determine g(0).
-2
Let j(i) = 8*i + 193. Determine j(-23).
9
Let f(y) = -y**3 - 8*y**2 - 224*y - 2418. Determine f(-10).
22
Let y(w) = w**3 - 11*w**2 + 4*w + 144. Calculate y(8).
-16
Let k(l) = 76*l**3 + l**2 - 5*l + 2. Give k(1).
74
Let d(j) = j**3 + 38*j**2 - 21*j - 87. Give d(-39).
-789
Let p(l) = l**3 - 6*l**2 + 7*l - 3. What is p(4)?
-7
Let u(o) = 12646*o - 25288. Give u(2).
4
Let c(q) = -q**2 + 18*q + 452. Determine c(30).
92
Let z(l) = -2743*l + 5482. Give z(2).
-4
Let w(y) = 7*y**3 + 2*y**2 + 2*y - 6. Give w(2).
62
Let n(s) = 11*s**2 + 686*s + 250. Calculate n(-62).
2
Let l(k) = k**3 - 73*k**2 + 188*k + 1533. Determine l(70).
-7
Let s(h) = -30*h - 2018. Calculate s(-67).
-8
Let q(p) = -3*p**2 - 138*p + 1888. What is q(-57)?
7
Let n(t) = -t - 61. Give n(-67).
6
Let h(x) = -94*x**2 - 103*x - 104. Determine h(-1).
-95
Let b(r) = 2*r**2 + 38*r - 48. Determine b(-20).
-8
Let m(o) = 28*o - 556. Give m(20).
4
Let u(g) = -4*g**2 - 40*g + 85. What is u(-12)?
-11
Let r(h) = -2*h**3 - 5*h**2 + 12*h - 8. Determine r(2).
-20
Let d(a) = -16*a**3 - a**2 + 29*a + 30. Determine d(-1).
16
Let c(l) = 3*l**3 + 10*l**2 - 12*l + 4. What is c(-4)?
20
Let j(q) = q**3 - 95*q**2 + 9*q - 884. Calculate j(95).
-29
Let t(b) = -b**3 - 6*b**2 + 18*b + 59. What is t(-6)?
-49
Let y(t) = -t**2 + 96*t - 931. Determine y(87).
-148
Let p(c) = c**2 + 44*c + 111. Calculate p(-34).
-229
Let s(p) = -4148*p + 4042. Give s(1).
-106
Let v(d) = -1034*d + 49630. Determine v(48).
-2
Let v(y) = y**3 - 89*y**2 - 774*y - 157. Give v(97).
37
Let b(x) = 35*x**3 - 3*x**2 + 10*x. What is b(2)?
288
Let u(t) = t**2 + 465*t + 1855. Determine u(-4).
11
Let i(d) = d**2 - 43*d + 110. What is i(44)?
154
Let j(w) = w**3 + 123*w**2 + 2302*w + 181. Calculate j(-100).
-1